s 4937237377 a composite number?
False
Is 3105664153 prime?
False
Is 1788501397 a composite number?
True
Is 20771805539 composite?
False
Is 5255347495 a prime number?
False
Is 32515243 prime?
True
Is 26959668563 a composite number?
False
Is 7340535211 prime?
True
Is 24414440209 a composite number?
True
Is 185898697 a composite number?
True
Is 2561092147 a prime number?
True
Is 63700091321 prime?
True
Is 229949303809 a prime number?
True
Is 184242550007 composite?
True
Is 10422169297 a prime number?
True
Is 4136639047 composite?
True
Is 3244208423 prime?
True
Is 874820761 composite?
True
Is 501630709 a prime number?
True
Is 325773661 prime?
False
Is 22538779531 composite?
False
Is 18825950461 composite?
True
Is 17021893267 composite?
True
Is 12340337533 prime?
True
Is 3914507531 a composite number?
True
Is 10466228473 a composite number?
True
Is 484271237 composite?
True
Is 387275789 composite?
False
Is 383661527 prime?
True
Is 15326775281 prime?
True
Is 12616247507 a prime number?
True
Is 1645479709 composite?
True
Is 4064666299 a prime number?
True
Is 2526672695 prime?
False
Is 7050520567 a prime number?
True
Is 13477814279 composite?
True
Is 46652829241 prime?
False
Is 238790297 a composite number?
False
Is 2175257561 composite?
False
Is 150973451 prime?
False
Is 15150185374 a prime number?
False
Is 7855052617 a prime number?
False
Is 8331178987 composite?
False
Is 1385092615 a prime number?
False
Is 6263614535 a composite number?
True
Is 1501273759 a prime number?
False
Is 1864939187 a composite number?
True
Is 50505627 a prime number?
False
Is 42909563363 a prime number?
False
Is 2484400427 composite?
False
Is 31892982181 composite?
False
Is 4284476851 a prime number?
True
Is 2425326069 prime?
False
Is 531408401 composite?
False
Is 470576437 composite?
True
Is 669944981 prime?
True
Is 2538726677 prime?
True
Is 25826400937 prime?
False
Is 42396259067 a prime number?
False
Is 30619208723 prime?
True
Is 270237587 prime?
False
Is 152715928669 a composite number?
False
Is 937324391 a prime number?
True
Is 6484331527 composite?
True
Is 992071153 prime?
False
Is 319408369793 composite?
True
Is 1641813583 prime?
True
Is 20987027 a composite number?
True
Is 464307967 a prime number?
True
Is 1341706897 composite?
True
Is 235543942957 a composite number?
False
Is 538058733 a composite number?
True
Is 718886057 prime?
True
Is 15737602726 a composite number?
True
Is 225917963 composite?
False
Is 741950713 composite?
True
Is 123518741 composite?
True
Is 1547520199 a prime number?
False
Is 406468189 composite?
False
Is 1824247993 composite?
True
Is 1015186961 prime?
True
Is 6623996897 a composite number?
True
Is 1594963841 a composite number?
False
Is 283183523 a composite number?
True
Is 1521079393 a prime number?
True
Is 110306611 a prime number?
True
Is 10753173461 composite?
False
Is 9356864117 a prime number?
False
Is 331093351 a prime number?
False
Is 213363817367 a composite number?
True
Is 59061507639 composite?
True
Is 2884373239 composite?
True
Is 4172057171 composite?
False
Is 77981273 prime?
False
Is 111122111 a composite number?
True
Is 24681842131 a prime number?
False
Is 1276207133 a composite number?
False
Is 1250225267 a composite number?
False
Is 23057374987 prime?
True
Is 1275949979 composite?
False
Is 1808124463 prime?
True
Is 169804357 composite?
True
Is 87789020339 a prime number?
True
Is 1084953691 a prime number?
False
Is 46621860445 a prime number?
False
Is 62655815 prime?
False
Is 15495448039 prime?
False
Is 105635306797 a prime number?
True
Is 591852029 a prime number?
False
Is 996205909 a prime number?
True
Is 192710473 prime?
True
Is 5865617959 a prime number?
True
Is 2001251867 a composite number?
False
Is 119376742907 a composite number?
True
Is 539574251 prime?
False
Is 708243671 prime?
True
Is 270879331411 prime?
False
Is 713502793 prime?
True
Is 23995757787 prime?
False
Is 182512737403 a prime number?
False
Is 15091035359 composite?
False
Is 2719332713 a prime number?
False
Is 96154996543 a composite number?
True
Is 2160123023 a composite number?
True
Is 2515300295 prime?
False
Is 21992802683 composite?
True
Is 4277244779 prime?
False
Is 92687492239 prime?
True
Is 6907307599 composite?
True
Is 2846393909 composite?
False
Is 73814331121 a composite number?
False
Is 275609413 prime?
True
Is 143687783 prime?
False
Is 375657743 a prime number?
True
Is 247376471 composite?
False
Is 67477165727 a composite number?
False
Is 1244824771 a composite number?
False
Is 17177960269 a prime number?
False
Is 18748239929 prime?
True
Is 178506253 a composite number?
True
Is 535863271 a composite number?
False
Is 6001508231 a composite number?
True
Is 80761488667 composite?
True
Is 1491807167 prime?
True
Is 3591489007 a prime number?
False
Is 11290880477 a composite number?
False
Is 18364603661 composite?
False
Is 730424299 a composite number?
True
Is 1050936833 prime?
False
Is 21994657523 prime?
True
Is 7244183291 prime?
True
Is 23408190373 a prime number?
True
Is 430050461 composite?
False
Is 82067391481 composite?
True
Is 110790190099 a prime number?
True
Is 17610670445 prime?
False
Is 256731883 composite?
True
Is 13000498493 a prime number?
True
Is 104392229 composite?
False
Is 4950179189 a composite number?
True
Is 2634298543 prime?
True
Is 21362953319 prime?
True
Is 41488971443 composite?
True
Is 118996244623 a composite number?
True
Is 8164671181 prime?
True
Is 26211353801 a composite number?
False
Is 40491170913 composite?
True
Is 267154205 a composite number?
True
Is 10752979283 composite?
True
Is 224049407 prime?
False
Is 225593777 composite?
True
Is 610119163 a prime number?
False
Is 117611555 prime?
False
Is 1706780869 composite?
False
Is 7275555277 composite?
True
Is 179650026301 a prime number?
True
Is 9425291797 prime?
False
Is 21780515153 prime?
False
Is 246310967 a composite number?
True
Is 10271297 a composite number?
False
Is 33296751259 prime?
False
Is 4806007769 a prime number?
True
Is 9221846857 a prime number?
False
Is 1064364022 a prime number?
False
Is 20791613 a composite number?
False
Is 1726481569 composite?
True
Is 9930552553 a prime number?
True
Is 1326692593 a composite number?
False
Is 2383767241 a composite number?
False
Is 3792886649 a prime number?
True
Is 68711066299 composite?
False
Is 3448389911 a prime number?
False
Is 21516443777 composite?
True
Is 1227010567 prime?
False
Is 534808453 composite?
False
Is 74123247417 prime?
False
Is 142005295661 a prime number?
True
Is 336591013555 prime?
False
Is 331447018529 composite?
True
Is 904018793 a prime number?
True
Is 34680771299 composite?
True
Is 6797296153 a prime number?
False
Is 80849008423 a composite number?
False
Is 14898600091 prime?
False
Is 171002801 a prime number?
True
Is 225408877 composite?
False
Is 7027712317 a composite number?
False
Is 1794752519 a prime number?
False
Is 17171698903 a composite number?
False
Is 7968015013 prime?
False
Is 890342441 a prime number?
False
Is 1329261811 a composite number?
False
Is 11415044951 prime?
False
Is 3327006218 a composite number?
True
Is 118766567 prime?
True
Is 3775511251 a composite number?
False
Is 352088261 composite?
True
Is 243618457 a prime number?
True
Is 612319003 a prime number?
True
Is 1364070077 a composite number?
False
Is 1715432797 a composite number?
True
Is 2123686343 prime?
True
Is 1083531707 a composite number?
False
Is 34202533913 a composite number?
False
Is 52501992251 prime?
False
Is 98548027 a composite number?
False
Is 35631691 a prime number?
False
Is 51583522285 composite?
True
Is 5183464633 a composite number?
True
Is 27985353185 composite?
True
Is 290124481 composite?
False
Is 5183221957 a prime number?
True
Is 4407195509 composite?
True
Is 10244655469 a composite number?
True
Is 177716400341 a composite number?
False
Is 252777367 a composite number?
True
Is 6922004189 a composite number?
True
Is 3677389609 composite?
False
Is 1242715081 composite?
True
Is 70552383329 prime?
True
Is 8916016103 composite?
True
Is 21242696261 a composite number?
True
Is 76203951539 a prime number?
True
Is 1819979669 prime?
False
Is 5480546399 composite?
False
Is 2531445629 composite?
False
Is 15242500783 a prime number?
False
Is 1174193299 a prime number?
True
Is 687807091 a prime numb